{"id":811,"date":"2014-08-20T14:08:20","date_gmt":"2014-08-20T14:08:20","guid":{"rendered":"http:\/\/arctic-sdi.org\/?page_id=811"},"modified":"2016-05-12T14:27:52","modified_gmt":"2016-05-12T12:27:52","slug":"technical-working-group-2","status":"publish","type":"page","link":"https:\/\/wdev.arctic-sdi.org\/index.php\/technical-working-group-2\/","title":{"rendered":"Technical Working Group"},"content":{"rendered":"<table>\n<tbody>\n<tr>\n<td width=\"123\"><strong>Sweden (lead)<\/strong><\/td>\n<td width=\"151\">Fredrik Pers\u00e4ter<\/td>\n<td width=\"189\">Senior Advisor<\/td>\n<td width=\"284\">Swedish Mapping, Cadastre and Land Registration Authority<\/td>\n<\/tr>\n<tr>\n<td width=\"123\">Canada<\/td>\n<td width=\"151\">Yanmei Wu<\/td>\n<td width=\"189\">Geospatial Standards Advisor<\/td>\n<td width=\"284\">Natural\u00a0Resources Canada<\/td>\n<\/tr>\n<tr>\n<td width=\"123\">Denmark<\/td>\n<td width=\"151\">Andrew Flatman<\/td>\n<td width=\"189\">Engineer<\/td>\n<td width=\"284\">Danish Agency\u00a0for Data Supply and Efficiency<\/td>\n<\/tr>\n<tr>\n<td width=\"123\"><\/td>\n<td width=\"151\">Jens Gottlieb<\/td>\n<td width=\"189\">Cartographer<\/td>\n<td width=\"284\">Greenland Survey<\/td>\n<\/tr>\n<tr>\n<td width=\"123\"><\/td>\n<td width=\"151\">Eva M\u00e4tzler<\/td>\n<td width=\"189\">Specialist GIS\/remote sensing<\/td>\n<td width=\"284\">Greenland Survey<\/td>\n<\/tr>\n<tr>\n<td width=\"123\">Finland<\/td>\n<td width=\"151\">Jani Kylm\u00e4\u00e4ho<\/td>\n<td width=\"189\">Senior Expert SDI<\/td>\n<td width=\"284\">National Land Survey of Finland<\/td>\n<\/tr>\n<tr>\n<td width=\"123\">Iceland<\/td>\n<td width=\"151\">\u00c1sta Krist\u00edn \u00d3lad\u00f3ttir<\/td>\n<td width=\"189\">GIS Specialist<\/td>\n<td width=\"284\">National Land Survey of Iceland<\/td>\n<\/tr>\n<tr>\n<td width=\"123\">Norway<\/td>\n<td width=\"151\">Frank Arntsen<\/td>\n<td width=\"189\">Senior Engineer<\/td>\n<td width=\"284\">Norwegian Mapping Authority<\/td>\n<\/tr>\n<tr>\n<td width=\"123\"><\/td>\n<td width=\"151\">Trond Johannessen<\/td>\n<td width=\"189\">Senior Engineer<\/td>\n<td width=\"284\">Norwegian Mapping Authority<\/td>\n<\/tr>\n<tr>\n<td width=\"123\"><\/td>\n<td width=\"151\">Anders Skoglund<\/td>\n<td width=\"189\">Senior Engineer<\/td>\n<td width=\"284\">Norwegian Polar Institute<\/td>\n<\/tr>\n<tr>\n<td width=\"123\">Russia<\/td>\n<td width=\"151\">Andrey Mukhin<\/td>\n<td width=\"189\">Consultant<\/td>\n<td width=\"284\">The Federal Service for State Registration, Cadastre and Mapping<\/td>\n<\/tr>\n<tr>\n<td width=\"123\"><\/td>\n<td width=\"151\">Alexandra Osipova<\/td>\n<td width=\"189\">Head of Information, Technology and Systems Developer<\/td>\n<td width=\"284\">The Federal Service for State Registration, Cadastre and Mapping<\/td>\n<\/tr>\n<tr>\n<td width=\"123\"><\/td>\n<td width=\"151\">Natalia Vandysheva<\/td>\n<td width=\"189\">Project Manager<\/td>\n<td width=\"284\">The Federal Bureau of Technical Inventory<\/td>\n<\/tr>\n<tr>\n<td width=\"123\">USA<\/td>\n<td width=\"151\">Rebecca Anderson<\/td>\n<td width=\"189\">Senior Scientific Advisor<\/td>\n<td width=\"284\">U.S. Geological Survey<\/td>\n<\/tr>\n<\/tbody>\n<\/table>\n<p>&nbsp;<\/p>\n","protected":false},"excerpt":{"rendered":"<p>Sweden (lead) Fredrik Pers\u00e4ter Senior Advisor Swedish Mapping, Cadastre and Land Registration Authority Canada Yanmei Wu Geospatial Standards Advisor Natural\u00a0Resources Canada Denmark Andrew Flatman Engineer Danish Agency\u00a0for Data Supply and Efficiency Jens Gottlieb Cartographer Greenland Survey Eva M\u00e4tzler Specialist GIS\/remote sensing Greenland Survey Finland Jani Kylm\u00e4\u00e4ho Senior Expert SDI National Land Survey of Finland Iceland [&hellip;]<\/p>\n","protected":false},"author":52,"featured_media":0,"parent":0,"menu_order":0,"comment_status":"closed","ping_status":"closed","template":"","meta":{"footnotes":""},"class_list":["post-811","page","type-page","status-publish","hentry","post"],"_links":{"self":[{"href":"https:\/\/wdev.arctic-sdi.org\/index.php\/wp-json\/wp\/v2\/pages\/811","targetHints":{"allow":["GET"]}}],"collection":[{"href":"https:\/\/wdev.arctic-sdi.org\/index.php\/wp-json\/wp\/v2\/pages"}],"about":[{"href":"https:\/\/wdev.arctic-sdi.org\/index.php\/wp-json\/wp\/v2\/types\/page"}],"author":[{"embeddable":true,"href":"https:\/\/wdev.arctic-sdi.org\/index.php\/wp-json\/wp\/v2\/users\/52"}],"replies":[{"embeddable":true,"href":"https:\/\/wdev.arctic-sdi.org\/index.php\/wp-json\/wp\/v2\/comments?post=811"}],"version-history":[{"count":32,"href":"https:\/\/wdev.arctic-sdi.org\/index.php\/wp-json\/wp\/v2\/pages\/811\/revisions"}],"predecessor-version":[{"id":1822,"href":"https:\/\/wdev.arctic-sdi.org\/index.php\/wp-json\/wp\/v2\/pages\/811\/revisions\/1822"}],"wp:attachment":[{"href":"https:\/\/wdev.arctic-sdi.org\/index.php\/wp-json\/wp\/v2\/media?parent=811"}],"curies":[{"name":"wp","href":"https:\/\/api.w.org\/{rel}","templated":true}]}}