{"id":601,"date":"2014-07-04T10:47:39","date_gmt":"2014-07-04T10:47:39","guid":{"rendered":"http:\/\/arctic-sdi.org\/?page_id=601"},"modified":"2016-03-21T21:31:34","modified_gmt":"2016-03-21T20:31:34","slug":"sweden-2","status":"publish","type":"page","link":"https:\/\/wdev.arctic-sdi.org\/index.php\/sweden-2\/","title":{"rendered":"Sweden"},"content":{"rendered":"<table>\n<tbody>\n<tr>\n<td width=\"307\"><em><strong>Board member<\/strong><\/em><\/p>\n<p><strong>Bengt Kjellson<\/strong><\/p>\n<p>Director General<\/p>\n<p>Swedish Mapping, Cadastre and Land Registration Authority<\/p>\n<p>&nbsp;<\/td>\n<td width=\"307\"><em><strong>National Contact Point<\/strong><\/em><\/p>\n<p><strong>Fredrik Pers\u00e4ter<\/strong><\/p>\n<p>Senior Adviser<\/p>\n<p>Swedish Mapping, Cadastre and Land Registration Authority<\/p>\n<p>Lantm\u00e4terigatan 2C, 801 82 G\u00e4vle, Sverige<\/p>\n<p>Fredrik.Persater@lm.se<\/p>\n<p>Tel:\u00a0+46 77 163 63 63<\/p>\n<p>Mobil: +46 70 211\u00a098 22<br \/>\n<a href=\"http:\/\/www.lantmateriet.se\/\">www.lantmateriet.se<\/a><\/p>\n<p>&nbsp;<\/td>\n<\/tr>\n<\/tbody>\n<\/table>\n","protected":false},"excerpt":{"rendered":"<p>Board member Bengt Kjellson Director General Swedish Mapping, Cadastre and Land Registration Authority &nbsp; National Contact Point Fredrik Pers\u00e4ter Senior Adviser Swedish Mapping, Cadastre and Land Registration Authority Lantm\u00e4terigatan 2C, 801 82 G\u00e4vle, Sverige Fredrik.Persater@lm.se Tel:\u00a0+46 77 163 63 63 Mobil: +46 70 211\u00a098 22 www.lantmateriet.se &nbsp;<\/p>\n","protected":false},"author":52,"featured_media":0,"parent":0,"menu_order":0,"comment_status":"closed","ping_status":"closed","template":"","meta":{"footnotes":""},"class_list":["post-601","page","type-page","status-publish","hentry","post"],"_links":{"self":[{"href":"https:\/\/wdev.arctic-sdi.org\/index.php\/wp-json\/wp\/v2\/pages\/601","targetHints":{"allow":["GET"]}}],"collection":[{"href":"https:\/\/wdev.arctic-sdi.org\/index.php\/wp-json\/wp\/v2\/pages"}],"about":[{"href":"https:\/\/wdev.arctic-sdi.org\/index.php\/wp-json\/wp\/v2\/types\/page"}],"author":[{"embeddable":true,"href":"https:\/\/wdev.arctic-sdi.org\/index.php\/wp-json\/wp\/v2\/users\/52"}],"replies":[{"embeddable":true,"href":"https:\/\/wdev.arctic-sdi.org\/index.php\/wp-json\/wp\/v2\/comments?post=601"}],"version-history":[{"count":6,"href":"https:\/\/wdev.arctic-sdi.org\/index.php\/wp-json\/wp\/v2\/pages\/601\/revisions"}],"predecessor-version":[{"id":1819,"href":"https:\/\/wdev.arctic-sdi.org\/index.php\/wp-json\/wp\/v2\/pages\/601\/revisions\/1819"}],"wp:attachment":[{"href":"https:\/\/wdev.arctic-sdi.org\/index.php\/wp-json\/wp\/v2\/media?parent=601"}],"curies":[{"name":"wp","href":"https:\/\/api.w.org\/{rel}","templated":true}]}}